{"id":4774,"date":"2015-05-24T23:25:37","date_gmt":"2015-05-24T23:25:37","guid":{"rendered":"http:\/\/www.andoaindarraeuskaraz.eus\/?page_id=4774"},"modified":"2023-02-24T08:33:44","modified_gmt":"2023-02-24T08:33:44","slug":"censo-del-euskera","status":"publish","type":"page","link":"https:\/\/www.andoaindarraeuskaraz.eus\/es\/euskaraz-bizi\/censo-del-euskera\/","title":{"rendered":"Censo del euskera"},"content":{"rendered":"<p><a href=\"https:\/\/www.andoaindarraeuskaraz.eus\/wp-content\/uploads\/2023\/02\/sareSS.jpg\"><img loading=\"lazy\" class=\"wp-image-9465 alignright\" src=\"https:\/\/www.andoaindarraeuskaraz.eus\/wp-content\/uploads\/2023\/02\/sareSS.jpg\" alt=\"\" width=\"357\" height=\"357\" srcset=\"https:\/\/www.andoaindarraeuskaraz.eus\/wp-content\/uploads\/2023\/02\/sareSS.jpg 1890w, https:\/\/www.andoaindarraeuskaraz.eus\/wp-content\/uploads\/2023\/02\/sareSS-300x300.jpg 300w, https:\/\/www.andoaindarraeuskaraz.eus\/wp-content\/uploads\/2023\/02\/sareSS-1024x1024.jpg 1024w, https:\/\/www.andoaindarraeuskaraz.eus\/wp-content\/uploads\/2023\/02\/sareSS-150x150.jpg 150w, https:\/\/www.andoaindarraeuskaraz.eus\/wp-content\/uploads\/2023\/02\/sareSS-768x768.jpg 768w, https:\/\/www.andoaindarraeuskaraz.eus\/wp-content\/uploads\/2023\/02\/sareSS-1536x1536.jpg 1536w, https:\/\/www.andoaindarraeuskaraz.eus\/wp-content\/uploads\/2023\/02\/sareSS-400x400.jpg 400w\" sizes=\"(max-width: 357px) 100vw, 357px\" \/><\/a><\/p>\n<h2>Relaciones con el Ayuntamiento en euskera: campa\u00f1a\u00a0 2023<\/h2>\n<p>Toda la ciudadan\u00eda que ha cumplido 18 a\u00f1os entre 2001 y 2004 recibir\u00e1 una carta en su domicilio, carta en la que se explican los detalles de esta campa\u00f1a. Junto a la carta se incluye un impreso que pueden cumplimentar y entregar, bien en el Servicio Ataria del Ayuntamiento, bien en la recepci\u00f3n de Bastero Kulturgunea. En dicho impreso se\u00f1alar\u00e1n en qu\u00e9 idioma quieren qu esean las relaciones con el Ayuntamiento. El plazo de entrega ser\u00e1 <strong>hasta el pr\u00f3ximo 31 de marzo.<\/strong><\/p>\n<p>&nbsp;<\/p>\n<p>Adem\u00e1s de manera f\u00edsica, el impreso tambi\u00e9n se puede cumplimentar de forma electr\u00f3nica, bien a trav\u00e9s del c\u00f3digo QR que aparece en la carta, bien a trav\u00e9s del siguiente enlace:<\/p>\n<p><a href=\"https:\/\/labur.eus\/andoaingoudalarekineuskaraz\"><strong>https:\/\/labur.eus\/andoaingoudalarekineuskaraz<\/strong><\/a><\/p>\n<p><a href=\"https:\/\/www.andoaindarraeuskaraz.eus\/wp-content\/uploads\/2023\/02\/Gutuna_EuskaraErrolda.pdf\"><strong>Gutuna<\/strong><\/a><\/p>\n<p>Si no se entrega el citado impreso, entenderemos que se desean recibir las comunicaciones en euskera, y esa persona quedar\u00e1 registrada en el Censo de Euskera del Ayuntamiento. De todas maneras la opci\u00f3n que ahora se escoja podr\u00e1 ser cambiada en cualquier momento, y para ello no hay mas que comunicarlos al Ayuntamiento.<\/p>\n<p>&nbsp;<\/p>\n<p><strong>De todas maneras Bestela ere,<\/strong> en cualquier momento puedes solicitar el registro en este Padr\u00f3n de Euskera, para ello ponte en contacto con el Servicio de Euskera del Ayuntamiento de Andoain:<\/p>\n<p><div role=\"form\" class=\"wpcf7\" id=\"wpcf7-f5022-o2\" lang=\"es-ES\" dir=\"ltr\">\n<div class=\"screen-reader-response\"><p role=\"status\" aria-live=\"polite\" aria-atomic=\"true\"><\/p> <ul><\/ul><\/div>\n<form action=\"\/es\/wp-json\/wp\/v2\/pages\/4774#wpcf7-f5022-o2\" method=\"post\" class=\"wpcf7-form init\" novalidate=\"novalidate\" data-status=\"init\">\n<div style=\"display: none;\">\n<input type=\"hidden\" name=\"_wpcf7\" value=\"5022\" \/>\n<input type=\"hidden\" name=\"_wpcf7_version\" value=\"5.5.4\" \/>\n<input type=\"hidden\" name=\"_wpcf7_locale\" value=\"es_ES\" \/>\n<input type=\"hidden\" name=\"_wpcf7_unit_tag\" value=\"wpcf7-f5022-o2\" \/>\n<input type=\"hidden\" name=\"_wpcf7_container_post\" value=\"0\" \/>\n<input type=\"hidden\" name=\"_wpcf7_posted_data_hash\" value=\"\" \/>\n<\/div>\n<p>Nombre y apellidos (requerido)<br \/>\n    <span class=\"wpcf7-form-control-wrap nombre\"><input type=\"text\" name=\"nombre\" value=\"\" size=\"40\" class=\"wpcf7-form-control wpcf7-text wpcf7-validates-as-required\" aria-required=\"true\" aria-invalid=\"false\" \/><\/span> <\/p>\n<p>DNI (requerido)<br \/>\n    <span class=\"wpcf7-form-control-wrap dni\"><input type=\"text\" name=\"dni\" value=\"\" size=\"40\" class=\"wpcf7-form-control wpcf7-text wpcf7-validates-as-required\" aria-required=\"true\" aria-invalid=\"false\" \/><\/span> <\/p>\n<p>Tel\u00e9fono (requerido)<br \/>\n    <span class=\"wpcf7-form-control-wrap telefono\"><input type=\"text\" name=\"telefono\" value=\"\" size=\"40\" class=\"wpcf7-form-control wpcf7-text wpcf7-validates-as-required\" aria-required=\"true\" aria-invalid=\"false\" \/><\/span> <\/p>\n<p>E-mail (requerido)<br \/>\n    <span class=\"wpcf7-form-control-wrap email\"><input type=\"email\" name=\"email\" value=\"\" size=\"40\" class=\"wpcf7-form-control wpcf7-text wpcf7-email wpcf7-validates-as-required wpcf7-validates-as-email\" aria-required=\"true\" aria-invalid=\"false\" \/><\/span> <\/p>\n<p><span id=\"wpcf7-69f516c7d8268-wrapper\" class=\"wpcf7-form-control-wrap emailh-wrap\" style=\"display:none !important; visibility:hidden !important;\"><label for=\"wpcf7-69f516c7d8268-field\" class=\"hp-message\">Por favor, deja este campo vac\u00edo.<\/label><input id=\"wpcf7-69f516c7d8268-field\"  class=\"wpcf7-form-control wpcf7-text\" type=\"text\" name=\"emailh\" value=\"\" size=\"40\" tabindex=\"-1\" autocomplete=\"new-password\" \/><\/span><\/p>\n<p style=\"margin-top:15px;\"><input type=\"submit\" value=\"Enviar\" class=\"wpcf7-form-control has-spinner wpcf7-submit\" \/><\/p>\n<div class=\"wpcf7-response-output\" aria-hidden=\"true\"><\/div><\/form><\/div><\/p>","protected":false},"excerpt":{"rendered":"<p>Relaciones con el Ayuntamiento en euskera: campa\u00f1a\u00a0 2023 Toda la ciudadan\u00eda que ha cumplido 18 a\u00f1os entre 2001 y 2004 recibir\u00e1 una carta en su domicilio, carta en la que se explican los detalles de esta campa\u00f1a. Junto a la carta se incluye un impreso que pueden cumplimentar y entregar, bien en el Servicio Ataria&#8230; <\/p>\n<div class=\"clear\"><\/div>\n<p><a href=\"https:\/\/www.andoaindarraeuskaraz.eus\/es\/euskaraz-bizi\/censo-del-euskera\/\" class=\"excerpt-read-more\">Read More<i class=\"fa fa-caret-right icon-caret-right\"><\/i><\/a><\/p>\n","protected":false},"author":1,"featured_media":0,"parent":4464,"menu_order":0,"comment_status":"closed","ping_status":"open","template":"","meta":[],"_links":{"self":[{"href":"https:\/\/www.andoaindarraeuskaraz.eus\/es\/wp-json\/wp\/v2\/pages\/4774"}],"collection":[{"href":"https:\/\/www.andoaindarraeuskaraz.eus\/es\/wp-json\/wp\/v2\/pages"}],"about":[{"href":"https:\/\/www.andoaindarraeuskaraz.eus\/es\/wp-json\/wp\/v2\/types\/page"}],"author":[{"embeddable":true,"href":"https:\/\/www.andoaindarraeuskaraz.eus\/es\/wp-json\/wp\/v2\/users\/1"}],"replies":[{"embeddable":true,"href":"https:\/\/www.andoaindarraeuskaraz.eus\/es\/wp-json\/wp\/v2\/comments?post=4774"}],"version-history":[{"count":9,"href":"https:\/\/www.andoaindarraeuskaraz.eus\/es\/wp-json\/wp\/v2\/pages\/4774\/revisions"}],"predecessor-version":[{"id":9468,"href":"https:\/\/www.andoaindarraeuskaraz.eus\/es\/wp-json\/wp\/v2\/pages\/4774\/revisions\/9468"}],"up":[{"embeddable":true,"href":"https:\/\/www.andoaindarraeuskaraz.eus\/es\/wp-json\/wp\/v2\/pages\/4464"}],"wp:attachment":[{"href":"https:\/\/www.andoaindarraeuskaraz.eus\/es\/wp-json\/wp\/v2\/media?parent=4774"}],"curies":[{"name":"wp","href":"https:\/\/api.w.org\/{rel}","templated":true}]}}

<p><a href="https://www.andoaindarraeuskaraz.eus/wp-content/uploads/2023/02/sareSS.jpg"><img loading="lazy" class="wp-image-9465 alignright" src="https://www.andoaindarraeuskaraz.eus/wp-content/uploads/2023/02/sareSS.jpg" alt="" width="357" height="357" srcset="https://www.andoaindarraeuskaraz.eus/wp-content/uploads/2023/02/sareSS.jpg 1890w, https://www.andoaindarraeuskaraz.eus/wp-content/uploads/2023/02/sareSS-300x300.jpg 300w, https://www.andoaindarraeuskaraz.eus/wp-content/uploads/2023/02/sareSS-1024x1024.jpg 1024w, https://www.andoaindarraeuskaraz.eus/wp-content/uploads/2023/02/sareSS-150x150.jpg 150w, https://www.andoaindarraeuskaraz.eus/wp-content/uploads/2023/02/sareSS-768x768.jpg 768w, https://www.andoaindarraeuskaraz.eus/wp-content/uploads/2023/02/sareSS-1536x1536.jpg 1536w, https://www.andoaindarraeuskaraz.eus/wp-content/uploads/2023/02/sareSS-400x400.jpg 400w" sizes="(max-width: 357px) 100vw, 357px" /></a></p>
<h2>Relaciones con el Ayuntamiento en euskera: campaña  2023</h2>
<p>Toda la ciudadanía que ha cumplido 18 años entre 2001 y 2004 recibirá una carta en su domicilio, carta en la que se explican los detalles de esta campaña. Junto a la carta se incluye un impreso que pueden cumplimentar y entregar, bien en el Servicio Ataria del Ayuntamiento, bien en la recepción de Bastero Kulturgunea. En dicho impreso señalarán en qué idioma quieren qu esean las relaciones con el Ayuntamiento. El plazo de entrega será <strong>hasta el próximo 31 de marzo.</strong></p>
<p>&nbsp;</p>
<p>Además de manera física, el impreso también se puede cumplimentar de forma electrónica, bien a través del código QR que aparece en la carta, bien a través del siguiente enlace:</p>
<p><a href="https://labur.eus/andoaingoudalarekineuskaraz"><strong>https://labur.eus/andoaingoudalarekineuskaraz</strong></a></p>
<p><a href="https://www.andoaindarraeuskaraz.eus/wp-content/uploads/2023/02/Gutuna_EuskaraErrolda.pdf"><strong>Gutuna</strong></a></p>
<p>Si no se entrega el citado impreso, entenderemos que se desean recibir las comunicaciones en euskera, y esa persona quedará registrada en el Censo de Euskera del Ayuntamiento. De todas maneras la opción que ahora se escoja podrá ser cambiada en cualquier momento, y para ello no hay mas que comunicarlos al Ayuntamiento.</p>
<p>&nbsp;</p>
<p><strong>De todas maneras Bestela ere,</strong> en cualquier momento puedes solicitar el registro en este Padrón de Euskera, para ello ponte en contacto con el Servicio de Euskera del Ayuntamiento de Andoain:</p>
<p><div role="form" class="wpcf7" id="wpcf7-f5022-o2" lang="es-ES" dir="ltr">
<div class="screen-reader-response"><p role="status" aria-live="polite" aria-atomic="true"></p> <ul></ul></div>
<form action="/es/wp-json/wp/v2/pages/4774#wpcf7-f5022-o2" method="post" class="wpcf7-form init" novalidate="novalidate" data-status="init">
<div style="display: none;">
<input type="hidden" name="_wpcf7" value="5022" />
<input type="hidden" name="_wpcf7_version" value="5.5.4" />
<input type="hidden" name="_wpcf7_locale" value="es_ES" />
<input type="hidden" name="_wpcf7_unit_tag" value="wpcf7-f5022-o2" />
<input type="hidden" name="_wpcf7_container_post" value="0" />
<input type="hidden" name="_wpcf7_posted_data_hash" value="" />
</div>
<p>Nombre y apellidos (requerido)<br />
    <span class="wpcf7-form-control-wrap nombre"><input type="text" name="nombre" value="" size="40" class="wpcf7-form-control wpcf7-text wpcf7-validates-as-required" aria-required="true" aria-invalid="false" /></span> </p>
<p>DNI (requerido)<br />
    <span class="wpcf7-form-control-wrap dni"><input type="text" name="dni" value="" size="40" class="wpcf7-form-control wpcf7-text wpcf7-validates-as-required" aria-required="true" aria-invalid="false" /></span> </p>
<p>Teléfono (requerido)<br />
    <span class="wpcf7-form-control-wrap telefono"><input type="text" name="telefono" value="" size="40" class="wpcf7-form-control wpcf7-text wpcf7-validates-as-required" aria-required="true" aria-invalid="false" /></span> </p>
<p>E-mail (requerido)<br />
    <span class="wpcf7-form-control-wrap email"><input type="email" name="email" value="" size="40" class="wpcf7-form-control wpcf7-text wpcf7-email wpcf7-validates-as-required wpcf7-validates-as-email" aria-required="true" aria-invalid="false" /></span> </p>
<p><span id="wpcf7-69f516c7d8268-wrapper" class="wpcf7-form-control-wrap emailh-wrap" style="display:none !important; visibility:hidden !important;"><label for="wpcf7-69f516c7d8268-field" class="hp-message">Por favor, deja este campo vacío.</label><input id="wpcf7-69f516c7d8268-field"  class="wpcf7-form-control wpcf7-text" type="text" name="emailh" value="" size="40" tabindex="-1" autocomplete="new-password" /></span></p>
<p style="margin-top:15px;"><input type="submit" value="Enviar" class="wpcf7-form-control has-spinner wpcf7-submit" /></p>
<div class="wpcf7-response-output" aria-hidden="true"></div></form></div></p>

<p>Relaciones con el Ayuntamiento en euskera: campaña  2023 Toda la ciudadanía que ha cumplido 18 años entre 2001 y 2004 recibirá una carta en su domicilio, carta en la que se explican los detalles de esta campaña. Junto a la carta se incluye un impreso que pueden cumplimentar y entregar, bien en el Servicio Ataria&#8230; </p>
<div class="clear"></div>
<p><a href="https://www.andoaindarraeuskaraz.eus/es/euskaraz-bizi/censo-del-euskera/" class="excerpt-read-more">Read More<i class="fa fa-caret-right icon-caret-right"></i></a></p>
