{"id":4780,"date":"2015-05-24T23:29:07","date_gmt":"2015-05-24T23:29:07","guid":{"rendered":"http:\/\/www.andoaindarraeuskaraz.eus\/?page_id=4780"},"modified":"2021-03-08T13:04:56","modified_gmt":"2021-03-08T13:04:56","slug":"escuela-de-bertsos","status":"publish","type":"page","link":"https:\/\/www.andoaindarraeuskaraz.eus\/es\/euskaraz-bizi\/escuela-de-bertsos\/","title":{"rendered":"Punttuka Bertso Eskola"},"content":{"rendered":"<p><a href=\"https:\/\/www.andoaindarraeuskaraz.eus\/wp-content\/uploads\/2015\/05\/punttuka.jpg\"><img loading=\"lazy\" width=\"200\" height=\"200\" class=\" size-full wp-image-6478 alignright\" alt=\"punttuka\" src=\"https:\/\/www.andoaindarraeuskaraz.eus\/wp-content\/uploads\/2015\/05\/punttuka.jpg\" srcset=\"https:\/\/www.andoaindarraeuskaraz.eus\/wp-content\/uploads\/2015\/05\/punttuka.jpg 200w, https:\/\/www.andoaindarraeuskaraz.eus\/wp-content\/uploads\/2015\/05\/punttuka-150x150.jpg 150w\" sizes=\"(max-width: 200px) 100vw, 200px\" \/><\/a>Estas son iniciativas de la<strong><span style=\"color: rgb(0, 0, 255);\"><a style=\"color: rgb(0, 0, 255);\" href=\"https:\/\/www.facebook.com\/punttukabertsoeskola\/?fref=ts\"> Escuela de Versos Punttuka<\/a><\/span><\/strong> de Andoain<\/p>\n<h2>BERTSO ESKOLA&nbsp;PARA ADULTOS<\/h2>\n<ul>\n<li><strong>Objetivo<\/strong>: Ejercitarse en el versolarismo, y, a nivel del municipio, organizar actividades que impulsen la afici\u00f3n por el versolarismo.<\/li>\n<li><strong>Profesor<\/strong>: Unai Mu\u00f1oa<\/li>\n<li><strong>D\u00eda y horario<\/strong>: Jueves, de 20:00 a 22:00<\/li>\n<li><strong>Lugar<\/strong>: Bastero Kulturgunean.<\/li>\n<li><strong>Matr\u00edcula<\/strong>: 80 euros<\/li>\n<li><strong>Inscripci\u00f3n<\/strong>: punttukabertsoeskola@gmail.com<\/li>\n<\/ul>\n<h2>BERTSO ESKOLA PARA J\u00d3VENES<\/h2>\n<ul>\n<li><strong>Objetivo<\/strong>: Ejercitarse en el versolarismo las y los j\u00f3venes de entre 10 y 17 a\u00f1os<\/li>\n<li><strong>Profesor<\/strong>: Ionn Beloki<\/li>\n<li><strong>D\u00eda y horario<\/strong>: Mi\u00e9rcoles, de 19:00 a 20:00<\/li>\n<li><strong>Lugar<\/strong>: Bastero Kulturgunea.<\/li>\n<li><strong>Matr\u00edcula<\/strong>: 80 euros<\/li>\n<li><strong>Inscripci\u00f3n<\/strong>: punttukabertsoeskola@gmail.com<\/li>\n<\/ul>\n<p><\/p>","protected":false},"excerpt":{"rendered":"<p>Estas son iniciativas de la Escuela de Versos Punttuka de Andoain BERTSO ESKOLA&nbsp;PARA ADULTOS Objetivo: Ejercitarse en el versolarismo, y, a nivel del municipio, organizar actividades que impulsen la afici\u00f3n por el versolarismo. Profesor: Unai Mu\u00f1oa D\u00eda y horario: Jueves, de 20:00 a 22:00 Lugar: Bastero Kulturgunean. Matr\u00edcula: 80 euros Inscripci\u00f3n: punttukabertsoeskola@gmail.com BERTSO ESKOLA PARA&#8230; <\/p>\n<div class=\"clear\"><\/div>\n<p><a href=\"https:\/\/www.andoaindarraeuskaraz.eus\/es\/euskaraz-bizi\/escuela-de-bertsos\/\" class=\"excerpt-read-more\">Read More<i class=\"fa fa-caret-right icon-caret-right\"><\/i><\/a><\/p>\n","protected":false},"author":1,"featured_media":0,"parent":4464,"menu_order":0,"comment_status":"closed","ping_status":"open","template":"","meta":[],"_links":{"self":[{"href":"https:\/\/www.andoaindarraeuskaraz.eus\/es\/wp-json\/wp\/v2\/pages\/4780"}],"collection":[{"href":"https:\/\/www.andoaindarraeuskaraz.eus\/es\/wp-json\/wp\/v2\/pages"}],"about":[{"href":"https:\/\/www.andoaindarraeuskaraz.eus\/es\/wp-json\/wp\/v2\/types\/page"}],"author":[{"embeddable":true,"href":"https:\/\/www.andoaindarraeuskaraz.eus\/es\/wp-json\/wp\/v2\/users\/1"}],"replies":[{"embeddable":true,"href":"https:\/\/www.andoaindarraeuskaraz.eus\/es\/wp-json\/wp\/v2\/comments?post=4780"}],"version-history":[{"count":13,"href":"https:\/\/www.andoaindarraeuskaraz.eus\/es\/wp-json\/wp\/v2\/pages\/4780\/revisions"}],"predecessor-version":[{"id":8324,"href":"https:\/\/www.andoaindarraeuskaraz.eus\/es\/wp-json\/wp\/v2\/pages\/4780\/revisions\/8324"}],"up":[{"embeddable":true,"href":"https:\/\/www.andoaindarraeuskaraz.eus\/es\/wp-json\/wp\/v2\/pages\/4464"}],"wp:attachment":[{"href":"https:\/\/www.andoaindarraeuskaraz.eus\/es\/wp-json\/wp\/v2\/media?parent=4780"}],"curies":[{"name":"wp","href":"https:\/\/api.w.org\/{rel}","templated":true}]}}

<p><a href="https://www.andoaindarraeuskaraz.eus/wp-content/uploads/2015/05/punttuka.jpg"><img loading="lazy" width="200" height="200" class=" size-full wp-image-6478 alignright" alt="punttuka" src="https://www.andoaindarraeuskaraz.eus/wp-content/uploads/2015/05/punttuka.jpg" srcset="https://www.andoaindarraeuskaraz.eus/wp-content/uploads/2015/05/punttuka.jpg 200w, https://www.andoaindarraeuskaraz.eus/wp-content/uploads/2015/05/punttuka-150x150.jpg 150w" sizes="(max-width: 200px) 100vw, 200px" /></a>Estas son iniciativas de la<strong><span style="color: rgb(0, 0, 255);"><a style="color: rgb(0, 0, 255);" href="https://www.facebook.com/punttukabertsoeskola/?fref=ts"> Escuela de Versos Punttuka</a></span></strong> de Andoain</p>
<h2>BERTSO ESKOLA&nbsp;PARA ADULTOS</h2>
<ul>
<li><strong>Objetivo</strong>: Ejercitarse en el versolarismo, y, a nivel del municipio, organizar actividades que impulsen la afición por el versolarismo.</li>
<li><strong>Profesor</strong>: Unai Muñoa</li>
<li><strong>Día y horario</strong>: Jueves, de 20:00 a 22:00</li>
<li><strong>Lugar</strong>: Bastero Kulturgunean.</li>
<li><strong>Matrícula</strong>: 80 euros</li>
<li><strong>Inscripción</strong>: punttukabertsoeskola@gmail.com</li>
</ul>
<h2>BERTSO ESKOLA PARA JÓVENES</h2>
<ul>
<li><strong>Objetivo</strong>: Ejercitarse en el versolarismo las y los jóvenes de entre 10 y 17 años</li>
<li><strong>Profesor</strong>: Ionn Beloki</li>
<li><strong>Día y horario</strong>: Miércoles, de 19:00 a 20:00</li>
<li><strong>Lugar</strong>: Bastero Kulturgunea.</li>
<li><strong>Matrícula</strong>: 80 euros</li>
<li><strong>Inscripción</strong>: punttukabertsoeskola@gmail.com</li>
</ul>
<p></p>

<p>Estas son iniciativas de la Escuela de Versos Punttuka de Andoain BERTSO ESKOLA&nbsp;PARA ADULTOS Objetivo: Ejercitarse en el versolarismo, y, a nivel del municipio, organizar actividades que impulsen la afición por el versolarismo. Profesor: Unai Muñoa Día y horario: Jueves, de 20:00 a 22:00 Lugar: Bastero Kulturgunean. Matrícula: 80 euros Inscripción: punttukabertsoeskola@gmail.com BERTSO ESKOLA PARA&#8230; </p>
<div class="clear"></div>
<p><a href="https://www.andoaindarraeuskaraz.eus/es/euskaraz-bizi/escuela-de-bertsos/" class="excerpt-read-more">Read More<i class="fa fa-caret-right icon-caret-right"></i></a></p>
