{"id":9949,"date":"2024-01-15T13:38:09","date_gmt":"2024-01-15T13:38:09","guid":{"rendered":"https:\/\/www.andoaindarraeuskaraz.eus\/?page_id=9949"},"modified":"2024-01-15T13:38:09","modified_gmt":"2024-01-15T13:38:09","slug":"16-urtetik-beherakoen-aisialdia","status":"publish","type":"page","link":"https:\/\/www.andoaindarraeuskaraz.eus\/es\/ninos-y-jovenes\/tiempo-libre\/","title":{"rendered":"Tiempo libre"},"content":{"rendered":"<p>Entre los meses de enero a mayo de 2023, la empresa EMUN realiz\u00f3 un estudio de la situaci\u00f3n del euskera en las actividades de tiempo libre que tienen disponibles las personas menores de 16 a\u00f1os en nuestro municipio. .<\/p>\n<p>Aqu\u00ed el informe final: <a href=\"https:\/\/www.andoaindarraeuskaraz.eus\/wp-content\/uploads\/2024\/01\/AISIALDIA_TXOSTENA_Andoain_2023_Maiatza.pdf\">TXOSTENA<\/a><\/p>\n<p>Y aqu\u00ed un resumen de dicho informe en castellano: <a href=\"https:\/\/www.andoaindarraeuskaraz.eus\/wp-content\/uploads\/2024\/01\/AISIALDIA_TXOSTENA_Andoain_2023_Maiatza.pdf\">Resumen del informe<\/a><\/p>","protected":false},"excerpt":{"rendered":"<p>Entre los meses de enero a mayo de 2023, la empresa EMUN realiz\u00f3 un estudio de la situaci\u00f3n del euskera en las actividades de tiempo libre que tienen disponibles las personas menores de 16 a\u00f1os en nuestro municipio. . Aqu\u00ed el informe final: TXOSTENA Y aqu\u00ed un resumen de dicho informe en castellano: Resumen del&#8230; <\/p>\n<div class=\"clear\"><\/div>\n<p><a href=\"https:\/\/www.andoaindarraeuskaraz.eus\/es\/ninos-y-jovenes\/tiempo-libre\/\" class=\"excerpt-read-more\">Read More<i class=\"fa fa-caret-right icon-caret-right\"><\/i><\/a><\/p>\n","protected":false},"author":1,"featured_media":0,"parent":4468,"menu_order":1,"comment_status":"closed","ping_status":"closed","template":"","meta":[],"_links":{"self":[{"href":"https:\/\/www.andoaindarraeuskaraz.eus\/es\/wp-json\/wp\/v2\/pages\/9949"}],"collection":[{"href":"https:\/\/www.andoaindarraeuskaraz.eus\/es\/wp-json\/wp\/v2\/pages"}],"about":[{"href":"https:\/\/www.andoaindarraeuskaraz.eus\/es\/wp-json\/wp\/v2\/types\/page"}],"author":[{"embeddable":true,"href":"https:\/\/www.andoaindarraeuskaraz.eus\/es\/wp-json\/wp\/v2\/users\/1"}],"replies":[{"embeddable":true,"href":"https:\/\/www.andoaindarraeuskaraz.eus\/es\/wp-json\/wp\/v2\/comments?post=9949"}],"version-history":[{"count":1,"href":"https:\/\/www.andoaindarraeuskaraz.eus\/es\/wp-json\/wp\/v2\/pages\/9949\/revisions"}],"predecessor-version":[{"id":9952,"href":"https:\/\/www.andoaindarraeuskaraz.eus\/es\/wp-json\/wp\/v2\/pages\/9949\/revisions\/9952"}],"up":[{"embeddable":true,"href":"https:\/\/www.andoaindarraeuskaraz.eus\/es\/wp-json\/wp\/v2\/pages\/4468"}],"wp:attachment":[{"href":"https:\/\/www.andoaindarraeuskaraz.eus\/es\/wp-json\/wp\/v2\/media?parent=9949"}],"curies":[{"name":"wp","href":"https:\/\/api.w.org\/{rel}","templated":true}]}}

<p>Entre los meses de enero a mayo de 2023, la empresa EMUN realizó un estudio de la situación del euskera en las actividades de tiempo libre que tienen disponibles las personas menores de 16 años en nuestro municipio. .</p>
<p>Aquí el informe final: <a href="https://www.andoaindarraeuskaraz.eus/wp-content/uploads/2024/01/AISIALDIA_TXOSTENA_Andoain_2023_Maiatza.pdf">TXOSTENA</a></p>
<p>Y aquí un resumen de dicho informe en castellano: <a href="https://www.andoaindarraeuskaraz.eus/wp-content/uploads/2024/01/AISIALDIA_TXOSTENA_Andoain_2023_Maiatza.pdf">Resumen del informe</a></p>

<p>Entre los meses de enero a mayo de 2023, la empresa EMUN realizó un estudio de la situación del euskera en las actividades de tiempo libre que tienen disponibles las personas menores de 16 años en nuestro municipio. . Aquí el informe final: TXOSTENA Y aquí un resumen de dicho informe en castellano: Resumen del&#8230; </p>
<div class="clear"></div>
<p><a href="https://www.andoaindarraeuskaraz.eus/es/ninos-y-jovenes/tiempo-libre/" class="excerpt-read-more">Read More<i class="fa fa-caret-right icon-caret-right"></i></a></p>
